 by z?
9
Suppose -4*b + 10*t + 1280 = 6*t, 4*t - 1618 = -5*b. Let u(m) = m**3 - 6*m**2 + 7*m - 16. Calculate the remainder when b is divided by u(7).
76
Let m(j) = -12*j**3 + 6*j**2 - 3. Let a(x) = -3770*x + 101898. What is the remainder when m(-4) is divided by a(27)?
105
Let s be (-3)/18 + 95/30. Suppose -l = -s*c + 7, 0*c + 2*l = -c + 14. Suppose 3*i = c*i - j - 7, -j = 2. What is the remainder when 9 is divided by i?
4
Suppose -2*v + 26 = -0*v. Suppose 0*t - 3*a = -4*t + 164, 3*t = -4*a + 148. Calculate the remainder when v is divided by ((-34)/(-8) - 4)*t.
2
Let l = -84 - 4. Let o = -65 - l. Calculate the remainder when 44 is divided by o.
21
Let r(o) = o**3 - 4*o**2 - 3*o - 1. Suppose 0*j + 2*j = -34. Let l = 23 + j. What is the remainder when r(l) is divided by 20?
13
Let y be 10/2 + (-3 - (0 + 2)). Suppose -24*x + 16*x + 568 = y. Calculate the remainder when x is divided by 37.
34
Let k(q) = -q**2 + 4*q + 84. Let a be (-2)/(-9) + 1885/(-261). Let g = 4 - -3. What is the remainder when k(a) is divided by g?
0
Suppose 3*q + 6*u + 230 = 11*u, -4*q - 2*u - 350 = 0. Calculate the remainder when (248/10 + 2)/((-34)/q) is divided by 17.
16
Calculate the remainder when 3372/(-8)*(72/(-90))/(12/10) is divided by 66.
17
Suppose 0 = 166*i + 3894 - 5098 - 4440. What is the remainder when 10471 is divided by i?
33
Let z be 1 + 15/3 + (-28 - -27). Suppose 3*a + 27 + 14 = 2*q, z*q = 5*a + 95. What is the remainder when 28 is divided by q?
12
Suppose x = w + 237, 92*w = 3*x + 95*w - 729. What is the remainder when x is divided by 7?
2
Suppose 2*j = -87 + 431. Suppose 251 = 4*g + 5*w, 2*g = 4*w + 3 + 103. What is the remainder when j is divided by g?
54
Let m(u) = 2*u**2 + 75*u - 4967. Calculate the remainder when m(38) is divided by 153.
6
Let a(i) = -i**2 + 9*i + 2162. Calculate the remainder when (-1430)/(-8) - 1/(-4) is divided by a(-42).
19
Calculate the remainder when 1265 is divided by (-152)/(-836) - (-1164)/11.
99
Let k be 0/2 + (2 + 7)/3. Let m be 216/(-40) + k/(-5). Calculate the remainder when 33 is divided by -74*2/(-12) - m/(-18).
9
Let v = -2660 + 2829. What is the remainder when 2195 is divided by v?
167
Suppose -5*t = -3*o - 4924, 2968 = 142*t - 139*t + 5*o. What is the remainder when t is divided by 99?
95
Suppose 0 = -a + 84 + 59. Let j = a - 139. Suppose 2*w = -3*c + 244, 656 = 3*w + 2*w - j*c. Calculate the remainder when w is divided by 43.
42
Let z = 5010 - 4978. What is the remainder when 2174 is divided by z?
30
Let y(k) = 2*k**2 + 17*k - 34. Let h be y(-14). Let i = h + -81. What is the remainder when i is divided by 7?
4
Let w(x) = 3*x**3 - 142*x**2 - 241*x - 90. Calculate the remainder when w(49) is divided by 10.
6
Suppose 4909 = -i + 5*i - 3*i. What is the remainder when i is divided by 1634?
7
Let w(x) = -7*x + 75. Let c(m) = -4*m + 37. Let o(n) = -9*c(n) + 4*w(n). Let q = 1662 - 1655. What is the remainder when o(q) is divided by 6?
5
What is the remainder when (-23169)/(-3) - (-108 - -124) is divided by 26?
11
Let w(a) = 8*a - 132. Let g be w(16). What is the remainder when 447 is divided by 9 + g + -1 - -46?
47
Suppose 37*c - 27*c = 30*c - 9680. Suppose -h - 5*z + 42 = 0, -2*z + 147 = 5*h + 2*z. What is the remainder when c is divided by h?
25
Suppose 34 = 8*n - 6. Suppose -5*g + 3*t + 77 - 12 = 0, t - n = -g. What is the remainder when 38 is divided by g?
8
Suppose 65 + 4 = -23*y. What is the remainder when 12*-1*71/y is divided by 90?
14
Suppose 0 = 10*n - 15*n - 10. Let v be 2 - (n - 0) - 2. Suppose o - 91 = -v*l, -4*o + 82 = -0*l + 2*l. What is the remainder when l is divided by 12?
11
Let p = -399 + 404. Suppose z - p*r = 3*z - 168, 2*z - r - 180 = 0. What is the remainder when z is divided by 46?
43
What is the remainder when (-2808)/2340*(0 - 35)*128 is divided by 11?
8
What is the remainder when 518 is divided by (-1 - 1)/(7843/207 + -38)?
14
Let u = 271 - 262. Let r(p) = -p**3 + 9*p**2 + 9*p - 14. Suppose c - 3*c + 169 = 5*v, -137 = -4*v - c. Calculate the remainder when r(u) is divided by v.
32
Suppose 4*p + 10*p = 56. Let s be ((-3 + p)*-1)/(3/6). Calculate the remainder when 49 is divided by 4/s*(-2 - (-26)/(-4)).
15
Suppose -118 = -2*m - 3*n, 2*m - 3*n - 26 = 104. What is the remainder when 109 is divided by (-18 - -12) + (m - -1)/1?
52
What is the remainder when 1/((-6)/8) + 6695741/2571 is divided by 370?
13
Let m(i) = 3 - 11*i**2 - i - 5*i**2 + i**3 - 2*i**3. Let v = 1120 + -1136. Calculate the remainder when 32 is divided by m(v).
13
Let c(k) = k**2 - 4*k - 3. Let g(w) = w**3 + 9*w**2 + w + 5. Let a be g(-9). Let u = 159 + -46. What is the remainder when u is divided by c(a)?
26
Calculate the remainder when 927 is divided by (-2)/4 + 49/(588/2718).
23
Let h = 3904 - 3759. What is the remainder when 2606 is divided by h?
141
Let a(k) = k - 90*k**2 - 87*k**2 + 185*k**2 + 10 + 8*k. Calculate the remainder when (-17)/(-1)*(8 + -1) is divided by a(-2).
23
Suppose -5*y - 20*y + 3819 = -6*y. What is the remainder when 613 is divided by y?
10
Let x = 615 + 2938. Calculate the remainder when x is divided by 28.
25
Let u = 3 - 2. Let f be (-10)/8 + (-20)/(-80). Calculate the remainder when (u - f)*((-21)/(-2) - -1) is divided by 12.
11
Calculate the remainder when 1578 is divided by (((-15)/(-4))/3)/(6484/720 + -9).
3
Calculate the remainder when 147 is divided by (-46 + 17328/336)/(3/7).
4
Let u = 1 - 1. Let t = -857 - -863. Suppose u = -6*h + 5*h + t. Calculate the remainder when 8 is divided by h.
2
Suppose -4*t = -n + 1422, 2*n + 9*t - 2844 = 8*t. Calculate the remainder when n is divided by 472.
6
Let k = -6 - -14. Let v(o) = -o**2 - 18*o + 2. Let a be (-2)/6*-3*-17. What is the remainder when v(a) is divided by k?
3
Suppose 16 = n - 3*d, -8*n + 12*n - 50 = -2*d. Suppose n = -4*v + 117. What is the remainder when 71 is divided by v?
19
Calculate the remainder when 12 - (12 + -15) - -110 is divided by 125.
0
Suppose 2*g = 5*n - 144, -5 - 19 = -n + 2*g. What is the remainder when n is divided by 4/206 + (-29432)/(-1339)?
8
Let y = 1447 + -937. What is the remainder when y is divided by 64?
62
What is the remainder when 306 is divided by 47/((-940)/8) + (-934)/(-10)?
27
Suppose -5*y + 4*k = -3714, -4*y + 839 + 2107 = k. What is the remainder when y is divided by 52?
10
Let h = 6274 + -6271. What is the remainder when 14 is divided by h?
2
Suppose 3 = 2*s - 49. Suppose -3*p - 86 = 2*k + 110, 130 = -2*p - k. What is the remainder when (6/(-5))/(p/3680) is divided by s?
17
Let u(i) = -i**3 - 7*i**2 - 10*i - 7. Suppose -18*c - 30*c = c - 196. Calculate the remainder when u(-7) is divided by c.
3
Let n = 326 + -205. Let j = -133 + 77. Let o = n + j. Calculate the remainder when o is divided by 17.
14
What is the remainder when (-8 - (-82)/6)/(10/2910) is divided by 52?
37
Let c be 82 - (7/(-1) - (-22 + 17)). Suppose 5*x - 419 = -c. What is the remainder when 213 is divided by x?
12
Let u = -1450 + 1570. Calculate the remainder when 231 is divided by u.
111
Let q(r) = -r**3 - 10*r**2 + 8*r + 301. Calculate the remainder when q(-15) is divided by 32.
26
Let z(u) = -15*u - 3 + 3 - 4 - 23*u. Let g be z(-2). Calculate the remainder when 13*5/9 - 16/g is divided by 4.
3
Suppose -2*t - 5*t + 301 = 0. Let i = 10601 - 10579. What is the remainder when t is divided by i?
21
Let b(d) = d. Let v(r) = -58*r**2 + 124*r + 155. What is the remainder when v(3) is divided by b(1)?
0
Let j be (-52)/65 + 71/(-5). What is the remainder when 7 is divided by (-35)/j - (-5)/3?
3
Let l be (-22)/(-5) - (-2)/(-5). Suppose l*y - 74 = 242. Suppose 53 = 3*s + 19*j - 20*j, -j = 2*s - 47. What is the remainder when y is divided by s?
19
Suppose 7*p + 269 = 3*p - r, 0 = p + 5*r + 53. Calculate the remainder when 35 is divided by (-4)/(-34) - (-4 + 536/p).
11
What is the remainder when 284 is divided by 1092/28 - (-11 - -2)?
44
Calculate the remainder when 1629 is divided by 20*(-13)/(780/(-72)).
21
Let s = -143 + 136. What is the remainder when 244 is divided by (-12)/8*(-3 + 63/s)?
10
Suppose 3*n - 5 = -11, 3*n - 135 = -3*f. Calculate the remainder when 6*4/((-56)/(-427)) is divided by f.
42
Let x(y) = 2*y**2 + 11*y - 34. Let d be x(-14). Suppose l - 3 + 7 = 0, 4*u - 3*l = d. Calculate the remainder when u is divided by 1/((-2)/(-24)) + 1.
9